 = -7 + 11. What is the units digit of z - -12 - (1 + 2)?
3
Suppose -10 + 31 = 3*g. What is the units digit of g?
7
Let i = 13 + -5. Let u be (-45)/(-20) + 6/i. Suppose -2*y + 8 = u*z, -2*y = -5*z - 32 - 8. What is the tens digit of y?
1
Let f = -37 + 20. Let u = -12 - f. What is the units digit of u?
5
Let k(l) = l - 2. Let d(y) = -y**3 + 5*y**2 - 4*y + 6. Let a be d(4). Let n = 11 - a. What is the units digit of k(n)?
3
Suppose 2883 = 15*u - 2877. What is the units digit of u?
4
Let q(r) = -2*r**3 - 5*r**2 - 2*r - 1. What is the tens digit of q(-4)?
5
Suppose o = 5*r + 80, 6*o = 2*o - 4*r + 224. What is the tens digit of o?
6
Let m(s) = s**3 - 8*s**2 + 5*s + 4. What is the tens digit of m(8)?
4
Let l(u) = -8*u - 1. What is the tens digit of l(-5)?
3
Let d = -7 - -11. Suppose 14 = d*a - 6. Suppose -2*p + 33 = -5*l, a = 5*p + 3*l - 0*l. What is the units digit of p?
4
Let g(u) = -3*u + 57. What is the hundreds digit of g(-23)?
1
Let u = 67 + -16. What is the tens digit of u?
5
Suppose c = 3*v - 100, -2*c + 4*c = 2*v - 72. What is the units digit of v?
2
Let i = -37 + 132. What is the tens digit of i?
9
What is the units digit of (1 + 2)*(-26)/(-13)?
6
Let i be 10/55 + 1388/(-11). What is the units digit of (2/(-6))/(6/i)?
7
Suppose 10*d = 2115 - 675. What is the units digit of d?
4
Let y(a) = a**3 - 2*a**2 - 3. Let n be y(3). Let u be 12*3/(-12)*2. Let h = n - u. What is the units digit of h?
2
Let k = -18 + 32. Let b(g) = -g**2 + 6*g - 3. Let x be b(7). Let w = x + k. What is the units digit of w?
4
Suppose 3*c = -11 + 29. Let n = c + -3. Suppose -k - n*k + 56 = 0. What is the tens digit of k?
1
Suppose 0 = -4*i + 39 + 1. Suppose 2*y - 56 = 4*u, -y + 36 - i = -4*u. What is the units digit of y?
0
Suppose 0 = -2*o - 3*p + 30, -3*o - 2*o + p = -58. Suppose -4*n + o = -0*n. Suppose 0 = 4*w + 4*t - 72, -4*w - 2 = -3*w - n*t. What is the tens digit of w?
1
Suppose 14*g = 16*g - 112. What is the units digit of g?
6
Let x(z) be the first derivative of 2*z**2 - 6*z + 2. Let c = -32 + 37. What is the units digit of x(c)?
4
Let f = 13 + -8. Let a be (-2)/f + 28/20. Let x = a + 1. What is the units digit of x?
2
Let c(s) = s**3 - 2*s**2 + 4*s - 1. Let n(b) = b + 1. Let w(l) = c(l) - 2*n(l). Suppose 4*u - u - 6 = 0. What is the units digit of w(u)?
1
Let x(r) = r**2 - 3*r + 2. Let s be x(3). Suppose s*j - 5*j + 12 = 0. Suppose 0 = j*v - 5*l + 3, 7*v = 2*v + 5*l. What is the units digit of v?
3
What is the units digit of (62/8)/((-1)/(-4))?
1
Let m = -103 + 184. What is the units digit of m?
1
Suppose 13 = 5*w - 177. Suppose w = 3*y - y. What is the units digit of y/4 - 5/(-20)?
5
Let w(b) = -3*b**3 - 2*b**2 - 2*b + 1. Let d be w(-2). Suppose 4*j + 3*r = -d, 5*j = r - 16 - 15. Let q(u) = u**2 + 6*u + 8. What is the units digit of q(j)?
8
Let h(k) = 2*k**2 - 2*k + 3. What is the units digit of h(-3)?
7
What is the units digit of (-28)/35*1*-185?
8
Let m be 8/3*162/8. Suppose 4*f = f - 3*o + m, 4*f = -5*o + 71. What is the tens digit of f?
1
Suppose 3*k - 4*i = -44 - 32, 0 = 4*k + 5*i + 60. Let l = 2 - k. What is the tens digit of l?
2
Suppose -6 + 0 = -3*z - k, 2*z - 4*k - 18 = 0. Suppose -l = -4*v + 12 - z, -3*l = v - 25. What is the units digit of l?
7
Let j(c) = -c**2 + 2*c - 4. Let l be j(-3). Let i = l - -34. What is the tens digit of i?
1
Let s be 334/10 + 3/5. Let j = -22 + s. What is the tens digit of j?
1
Let p be (1/2)/(3/42). Let y(n) = n**2 - 5*n - 6. What is the units digit of y(p)?
8
Let p = 26 + -26. Suppose -28 = -2*q - 5*t + 4*t, 5*t = p. What is the units digit of q?
4
Let x = -11 - -3. Let b be (x/(-20))/((-2)/(-30)). Suppose 4*d - 2*h - b = 0, d - 1 = 3*h - 2*h. What is the units digit of d?
2
Let j be (-39)/(-9) - 1/3. Suppose v + 2*c - 3 = j, -2*v = 5*c - 17. Suppose v = 5*f - 4*f. What is the units digit of f?
1
Let v = 14 + -32. What is the units digit of 4/v - 490/(-18)?
7
What is the units digit of ((-10)/2)/((-1)/2)?
0
Let p(z) = z + 1. Let d be (-2)/(10/(-3) - -3). What is the units digit of p(d)?
7
Suppose 4*o + 0*s = s + 178, 2*o + 3*s - 96 = 0. What is the tens digit of 12/o*3*15?
1
Suppose 0*c - c + 1 = 0. What is the units digit of (c - -19) + (-12)/6?
8
Let t = 1 - 1. Suppose t*i = -2*i + 6. What is the tens digit of -1 + i - -1 - -9?
1
Suppose -3*m - 5*a - 1 = 2, 5*m - 4*a + 42 = 0. Let u be (-61)/(-9) - m/27. Let s = u + -2. What is the units digit of s?
5
Suppose 0 = 2*s - y + 3*y - 12, -3*s = -2*y - 3. What is the units digit of s?
3
Let n = 4 - 1. Suppose a + 66 = l - n*a, 0 = 3*l - 2*a - 148. Suppose -3*s = -5*k - 8*s + 50, -s = 5*k - l. What is the units digit of k?
9
Let i(m) be the first derivative of -m**4/4 + 5*m**3/3 + m**2/2 + 13. Let k = 2 + 2. What is the tens digit of i(k)?
2
Suppose 0 = 4*g - 8, 4*m = -3*g - 16 + 66. What is the tens digit of m?
1
Let r be (-38)/(-14) + (-2)/(-7). Suppose -4*k - r*p + 6 = 0, 0 = k + 2*p + 1. Suppose 8*q = k*q + 5. What is the units digit of q?
1
Suppose -7*u = -3*u - 12. What is the tens digit of u/5 - (-852)/30?
2
What is the hundreds digit of ((-24)/(-4) - 3) + 217?
2
Suppose 0 = 2*l - 0*q + q + 19, 0 = 2*l + 3*q + 13. Let p = 18 + l. What is the units digit of p?
7
Suppose 0 = 3*j - 2*r - 122 + 291, -2*r = -j - 63. Let k be (-8)/(-20) - j/5. Suppose -4*d - n + k = 0, n - 2 = -3. What is the units digit of d?
3
Let z = 6 + -5. Suppose 5*v - 111 + z = 0. Suppose -4*f + v = -2. What is the units digit of f?
6
Let n(c) = 32*c**3 - c**2 + 1. What is the units digit of n(1)?
2
Let b = -14 - -15. What is the units digit of b?
1
Suppose -4*c + 2*q + 2 = 0, 5*c - 5*q + 7 = 2. Suppose 2*u = u + c. Suppose u*v = -4*b + 14, 5*b = -4*v - 16 + 38. What is the units digit of v?
3
Suppose -3*a = -c + 88, 3*c + 2*a = -3*a + 278. Suppose -5*r - 26 = -c. Let t = 20 - r. What is the units digit of t?
7
Suppose -4*m + 6*m + 79 = 5*d, -3*d - 5*m + 35 = 0. What is the units digit of d?
5
Let v(c) = c**2 + 10*c + 11. Let x be v(-9). Suppose x*j + 13 = 3*j. What is the units digit of j?
3
Suppose 0*x = 4*x - 8. Let k(r) = r - x - 3 - 1. What is the units digit of k(9)?
3
Let b be 248/(-32) + 1/(-4). What is the units digit of 6/24 + (-222)/b?
8
Suppose q + 57 = 4*q. What is the units digit of q?
9
Suppose g = 4*b - 136, 0 = -4*b - 10 - 6. Let j = -232 - g. What is the units digit of ((-2)/(-5))/((-4)/j)?
8
Let w(q) = q - 12. Let j be w(-11). Let u = 44 + j. What is the tens digit of u?
2
Let t = 2 - 8. Let l = -3 - t. Suppose 2 = -3*g + 5*b, -l*b + 2 = -1. What is the units digit of g?
1
Let f(h) = -4*h + 2. Let k be f(4). Let g be (-7)/k + 9/2. Suppose 3*q + 10 = g*q. What is the units digit of q?
5
Suppose -3*h + 31 - 7 = 0. Suppose 0*z + h = z. What is the units digit of z?
8
Let g(i) = -2*i - 1. Let u be g(-1). What is the units digit of u - (-3 - -2) - -9?
1
Let s(c) = c**2 + 5*c - 10. Let r be (-27)/(-6)*-2 + 2. What is the units digit of s(r)?
4
Let p(c) = -c**3 + 6*c**2 + 7*c + 2. Let y(w) = -4*w - 9. Let f be y(-6). Let u = f + -8. What is the units digit of p(u)?
2
Let z(u) = u**3 - 12*u**2 + 3*u + 35. What is the tens digit of z(13)?
4
Suppose -3*h - 4*q + 0*q = -38, -2*h = 4*q - 28. What is the tens digit of h?
1
Suppose -30*o + 40 = -26*o. What is the tens digit of o?
1
What is the units digit of (0/(-2) + -1)*-27?
7
Suppose 2*p = 5*i + 69, 4*i - 69 = -4*p + p. What is the units digit of p?
7
Suppose 8 = 2*n, n = -3*b + 2*n + 116. Let r = -76 + b. What is the units digit of 4/(-18) + (-152)/r?
4
Let q(j) = -j**3 + 8*j**2 - 8*j + 10. Let c(d) = d**2 - 2*d - 4. Let i be c(4). Suppose 1 + 9 = b - 3*s, b = -3*s + i. What is the units digit of q(b)?
3
Suppose -2*g = -5*g - 27. Let j be ((-2)/(-3))/(3/g). What is the units digit of -1 + (-2 + j)/(-2)?
1
Let i(c) = -c**3 - 10*c**2 - 2*c - 2. Let d be i(-10). Let t = d - 5. What is the units digit of t?
3
Suppose -5*t - 218 + 85 = -4*s, t - 76 = -3*s. Let x = s - 23. What is the units digit of x?
4
Let o = -8 + 0. Let y = -12 - o. What is the tens digit of (-2)/(-6)*y*-12?
1
Suppose -i = 5 + 1. Let b = i + 21. What is the units digit of b?
5
What is the units digit of -11*(4 - 3)*-2?
2
Suppose 3*i = -3*a + 5 + 13, -3*i = 4*a - 26. Let w(j) = 2*j**2 - 10*j - 2. What is the tens digit of w(a)?
4
Let m = 91 - 39. What is the units digit 